/(-18)) + k?
3, 5
Let r = 26 - 9. Suppose s = -0*s + u + r, 0 = 5*s - 3*u - 79. List the prime factors of s.
2, 7
Let o(t) = t**2 + 1. Let f be o(1). Suppose f*a - 22 = -2. List the prime factors of a.
2, 5
Let k(n) = -n - 11. Let t(f) = 2*f + 12. Let h(r) = -3*k(r) - 2*t(r). Let b be h(8). Suppose 0 = -2*o + 5 + b. What are the prime factors of o?
3
Let o(x) = 61*x**2 + 9*x - 2. Let b(y) = -31*y**2 - 5*y + 1. Let z(t) = 11*b(t) + 6*o(t). List the prime factors of z(-1).
5
Suppose -17*c = -47570 + 5189. List the prime factors of c.
3, 277
Let l(w) = -w**3 - 3*w**2 - 3*w - 1. Let m be l(-1). Suppose -2*s + 91 = s + 5*k, -3*s + k + 79 = m. List the prime factors of s.
3
Suppose -96*r = -51*r - 83115. What are the prime factors of r?
1847
Suppose 5*x + 9 + 40 = v, 4*v + 44 = -4*x. Let o be 1 + 11 + (x - -9). Let k(q) = 3*q + 9. List the prime factors of k(o).
2, 3, 7
Let b = -242 + 251. Let r(v) = v**2 - 2*v - 2. Let y be r(2). List the prime factors of b/((-1)/y*1).
2, 3
Let m(r) = r**2 - 8*r - 5. Let h(i) = i**2 - 9*i - 3. Let a(w) = -5*h(w) + 4*m(w). Let k = 26 - 14. List the prime factors of a(k).
7
Suppose -16*x - 36 = -4*g - 19*x, 0 = -g - 2*x + 14. Suppose 0 = y + h - 18, h = -0*y + 3*y - 38. Let c = g + y. List the prime factors of c.
2, 5
Let z = -12 - -24. What are the prime factors of 51 + 3/(z/8)?
53
Let a = -35 - -128. List the prime factors of a.
3, 31
Suppose 2*j - 5*o + 454 = 3*j, -3*j = -3*o - 1362. List the prime factors of j.
2, 227
Let t = 2 - -1. Let z = -38 + 43. Suppose 0 = -t*l - 3, 0*c + z*l + 19 = 2*c. List the prime factors of c.
7
Suppose -4*x + 2*a - a + 326 = 0, 4*x - 4*a - 332 = 0. Let j = x + 86. What are the prime factors of j?
167
Suppose 0 = -53*h + 30523 - 578. List the prime factors of h.
5, 113
Let i = -239 - -398. Let w = i + -83. List the prime factors of w.
2, 19
Suppose -7*m - 88 = 241. List the prime factors of 3 - 1 - m - 1.
2, 3
Let d be (-1)/(-6) - 105/(-18). Let j(v) = 9*v - 11. List the prime factors of j(d).
43
Let j = -1636 + 2406. What are the prime factors of j?
2, 5, 7, 11
Let o = 772 - 770. What are the prime factors of o?
2
Let z(b) = 97*b + 591. List the prime factors of z(25).
2, 13, 29
Suppose 84*g = 31*g + 166685. List the prime factors of g.
5, 17, 37
Suppose -q = 3*q. Suppose 4*m - 3*m - 51 = q. Suppose -c + o = -33, c - o = -6*o + m. What are the prime factors of c?
2, 3
Let p(u) = u - 3. Let q be p(-2). Let n(j) = -j**2 - 5*j + 4. Let k be n(q). Suppose -8*y + 32 = -k*y - 3*f, 5*f + 10 = -2*y. What are the prime factors of y?
5
Suppose 5*g + 4*f = -20, -3*g - 8*f = -3*f + 12. Let w be (-6)/g*12/(-9). Let k(r) = -5*r - 4. What are the prime factors of k(w)?
2, 3
Let n = -52 + 43. Let y = n - -29. List the prime factors of y.
2, 5
Let c(d) = 33*d + 198. List the prime factors of c(7).
3, 11, 13
Let s(z) = -z**2 + 20*z - 31. Suppose 94 = 5*r + 14. What are the prime factors of s(r)?
3, 11
Let t be (-4)/(-8)*(1 + -1). Let y(z) = -z**3 + z**2 + z + 1. Let i be y(-1). Suppose -v + i + 2 = t. What are the prime factors of v?
2
Let z = 14 + -12. Let v be ((-6)/12)/(1/(-6)). List the prime factors of v - (-32)/1 - z.
3, 11
Suppose 0 = 48*d - 44*d - 2364. List the prime factors of d.
3, 197
Suppose -10*y = -5*y. Suppose y = -4*j + 4 + 12. Suppose 45 = q - 0*f + f, 174 = j*q + f. List the prime factors of q.
43
Let u(t) = -17*t - 116 + 55*t + 64. List the prime factors of u(6).
2, 11
Let b = 447 - -1372. List the prime factors of b.
17, 107
Let f(a) = -a**3 + 2*a**2 + 2*a - 2. Let b be f(2). Suppose -o = -b*o + 4. List the prime factors of 3/12 + 67/o.
17
Let v = -1020 + 1359. What are the prime factors of v?
3, 113
What are the prime factors of (83776/(-40))/(-4) - (-4)/10?
2, 131
Let t(n) = -24*n + 38. List the prime factors of t(-12).
2, 163
Let s(h) = h**2 - 14*h + 0*h - 3 - 6 + 2*h. Let d be s(13). What are the prime factors of (7/d)/(15/60)?
7
List the prime factors of 7*(305 - (-1 - 7)).
7, 313
Suppose -1459 = -3*m + 587. List the prime factors of m.
2, 11, 31
Suppose -184 = 3*u + 4*g, 6*u + 5*g = 11*u + 295. Let d = 160 - u. What are the prime factors of d?
2, 5, 11
Let r(d) = -6 - 1 - 3*d + 40. List the prime factors of r(5).
2, 3
Let p = 12790 + -8932. What are the prime factors of p?
2, 3, 643
Let t = 901 + -523. What are the prime factors of (-1376)/(-14) + 9/(t/(-12))?
2, 7
Suppose -13695 = -20*t + 245. List the prime factors of t.
17, 41
Let l = 35 + -21. Let f(c) = -c**2 + 15*c - 2. Let o be f(l). Let m = o - 10. List the prime factors of m.
2
Let z(a) = a**3 - 3*a**2 - 2*a + 4. Let r be z(3). Let l be -2*((-10)/(-4) + r). What are the prime factors of l/(2*(-2)/32)?
2
Suppose 35 = 7*w - 0. List the prime factors of 0 + w + -2 + 68.
71
Suppose 0 = -7*c + 491 + 685. Suppose -92 - c = -4*t. List the prime factors of t.
5, 13
Suppose 0*z = -z + 3. Suppose -4*k = 2*r - 8, 17 = -z*k + 8*k - r. Suppose 64 = 4*h + 3*a, -h + k*h + a = 32. What are the prime factors of h?
2
List the prime factors of (-4)/(-14) - (50736/(-98) - -6).
2
Suppose -8*v + 1680 = -2*v. Suppose -2*m - v = -4*y, -2*m - 256 = -5*y + 95. List the prime factors of y.
71
Suppose 3*c = -7*h + 2*h + 4, -2*c - h = -5. Suppose -8*d = -24 + 40. List the prime factors of 9 + c + 6/d.
3
What are the prime factors of 15/20*(-12216)/(-6)?
3, 509
Let u be (3 - 4/(-12))/((-6)/99). Let w = -31 - u. List the prime factors of w.
2, 3
Suppose 2*j - 4 = -2*f, -f + 0*j = 5*j - 18. List the prime factors of (-2 - 25/f) + (-8)/16.
2, 5
Suppose 0 = 2*l - 0*u + 3*u - 2979, 2*u = l - 1507. List the prime factors of l.
3, 499
Suppose 1155 = 2*t + 9*t. List the prime factors of (-1 - 2)*(-7)/(t/190).
2, 19
Suppose 2*k + 2*k + 3*h + 31 = 0, 4*k - 3*h + 49 = 0. List the prime factors of 14 + -2 + k + 13.
3, 5
Suppose -133 = -j - 0*h - h, 5*h = -15. Suppose 5*a = -0*a + f + 354, -j = -2*a - f. List the prime factors of a.
2, 5, 7
Suppose 0 = -3*d + 6*d + 3. Let n be (d - -21)/(-4) + 4. What are the prime factors of ((-4)/(-12))/(n/(-57))?
19
Let l be ((-3)/(-6))/(1/(-4)). Let w(o) = o**3 - 12*o**2 + 9*o + 23. Let n be w(11). What are the prime factors of (14 + -41)*(n + l)?
3
Suppose 15 = 9*v - 12*v. Let j be 8/10 + (-16)/v. Suppose -208 = -0*a - j*a. List the prime factors of a.
2, 13
Let z be 10/(-3) + 4/12. Let j be ((-3)/z)/(-1)*-44. Suppose 5*b - 51 = j. List the prime factors of b.
19
Let r(d) = -1 + 17*d - 1 - 3 - 24*d. List the prime factors of r(-7).
2, 11
What are the prime factors of 5 - 1*-9*125?
2, 5, 113
Suppose 4*j = -12, 5*f + 6*j - 5035 = 11*j. List the prime factors of f.
2, 251
Suppose -31*a - 24076 = -96616. List the prime factors of a.
2, 3, 5, 13
Let c = 320 - 152. Let t = c + -113. List the prime factors of t.
5, 11
Let r = 3007 + -1039. List the prime factors of r.
2, 3, 41
Let p(v) = v**2 + 2*v - 6. Let y be p(4). Let h(j) = -2*j - 22. Let f be h(-13). Suppose -f*s = -6 - y. List the prime factors of s.
2, 3
Let j = 79 - 59. Let s = j - -166. What are the prime factors of s?
2, 3, 31
Suppose 3*v - 12 = v - 4*m, -4*v + 30 = 2*m. Suppose -12*k = -v*k - 180. What are the prime factors of k?
3, 5
Let s(b) = -b**2 + 2*b + 1. Let x be s(2). Let m = 4 - 3. List the prime factors of (m + x)/1 + 4.
2, 3
Suppose -5*k = o - 3, 0 = -3*k - o - o + 6. Let c(d) be the third derivative of -d**4/12 + 17*d**3/2 - d**2. What are the prime factors of c(k)?
3, 17
Let x(b) = 4*b**3 - 23*b**2 - 2*b + 15. List the prime factors of x(7).
2, 3, 41
Let a(x) = -x**3 - 7*x**2 + 5*x - 4. Let w be a(-8). Let k(v) = v**2 - 17*v - 12. What are the prime factors of k(w)?
2, 3
Suppose -5*i = -l - l + 22, 2*l = i + 6. Suppose 5*t = q + 103 - 8, -4*q = 0. Let z = i + t. List the prime factors of z.
3, 5
Let y(z) = -44*z - 50. What are the prime factors of y(-13)?
2, 3, 29
Suppose s = -5*u + 2, -s - 2*u + u + 2 = 0. Suppose 0 = -4*h + 2*a + s*a + 96, -4*h - 5*a + 51 = 0. Suppose 5*b + h = 89. What are the prime factors of b?
2, 7
Suppose -21*u + 16*u + 355 = 0. List the prime factors of u.
71
Let w = -17 - -14. Let f = w - -1. What are the prime factors of ((-15)/(-3))/(f/(-12))?
2, 3, 5
Let g(j) = -2*j - 6 - j + j**2 + 12. Suppose 145*t + 40 = 150*t. List the prime factors of g(t).
2, 23
Let b(u) be the third derivative of u**5/10 - u**4/24 + u**3/3 - 4